
In base 11, what is -a - -165a?
1650
In base 12, what is -54b5a3 - -1?
-54b5a2
In base 15, what is -904 + 18?
-8db
In base 5, what is 3 + -1314323?
-1314320
In base 2, what is -1111110 - -100001101100?
11111101110
In base 14, what is 322 + 8?
32a
In base 6, what is 444454 - 5?
444445
In base 12, what is -22b28 + 11?
-22b17
In base 2, what is 10100101111111 + 0?
10100101111111
In base 5, what is -10 + -3120320?
-3120330
In base 7, what is -6 - -26312?
26303
In base 2, what is 100 - 100001100100011?
-100001100011111
In base 6, what is 13415 + -122?
13253
In base 14, what is -2 - 45bdb?
-45bdd
In base 2, what is -11 - 10101100001100011110?
-10101100001100100001
In base 16, what is 0 + 27c3?
27c3
In base 3, what is 122111020002 - 1?
122111020001
In base 16, what is 31 + 2ea?
31b
In base 4, what is -1123011 - -103213?
-1013132
In base 15, what is -593 - 24e?
-7e2
In base 9, what is 1 - 24451?
-24450
In base 6, what is 444 - -211133?
212021
In base 2, what is 10100 + -10001010101010?
-10001010010110
In base 14, what is 23d63 + d?
23d72
In base 4, what is 11 + 1103000123?
1103000200
In base 14, what is -27167 - 2a?
-27193
In base 8, what is -111024 - 0?
-111024
In base 8, what is -10011 - 12?
-10023
In base 7, what is 6525 - -36?
6564
In base 7, what is -61 + -2102?
-2163
In base 11, what is 59655 - -4?
59659
In base 2, what is 100 + -1110101000011?
-1110100111111
In base 16, what is 2 - -3dcea?
3dcec
In base 2, what is 1000011010111001001 + 10?
1000011010111001011
In base 3, what is -210011201 + -12?
-210011220
In base 12, what is -94 + -49?
-121
In base 14, what is -1962 - 10c?
-1a70
In base 16, what is -74ea + 3?
-74e7
In base 4, what is -23331 + -200?
-30131
In base 9, what is 34 - 7521?
-7476
In base 3, what is -120221 + -122?
-121120
In base 13, what is 22 + 56b0?
5702
In base 14, what is 3 + 3ac78?
3ac7b
In base 4, what is 1 + 2120212220?
2120212221
In base 16, what is -2391 + -13?
-23a4
In base 15, what is -38de + 2c?
-38b2
In base 11, what is 26 - 5?
21
In base 4, what is 101110230 - -11?
101110301
In base 14, what is -4a8d - 1?
-4a90
In base 5, what is 23 + -414224?
-414201
In base 13, what is -10 + -7157?
-7167
In base 6, what is -203153 + 4?
-203145
In base 2, what is 1110101 + -10101111?
-111010
In base 10, what is -760 + -679?
-1439
In base 14, what is 31ca + -8?
31c2
In base 14, what is -3 - -505ac?
505a9
In base 11, what is -a952 + 95?
-a868
In base 7, what is 2212 - -4215?
6430
In base 14, what is 0 + -8d14?
-8d14
In base 8, what is 56 - 13040?
-12762
In base 6, what is -5434 + 25?
-5405
In base 14, what is 22 + 63?
85
In base 2, what is 1000000000001 - -1110?
1000000001111
In base 6, what is 2 + -4245?
-4243
In base 16, what is -1 - e67a?
-e67b
In base 6, what is -3 + 522204?
522201
In base 3, what is -1221000011 + 12?
-1220222222
In base 13, what is 3 + -baab?
-baa8
In base 11, what is -912 - 971?
-1783
In base 3, what is -20 + 22110121021?
22110121001
In base 4, what is 10002300 + 22?
10002322
In base 4, what is 3213020 - -11?
3213031
In base 3, what is -1210021001 - -1?
-1210021000
In base 16, what is -10 + -48c?
-49c
In base 6, what is -10 - 1155?
-1205
In base 8, what is -750743 + 2?
-750741
In base 8, what is 2 - 1220522?
-1220520
In base 15, what is 5 - -1a4bd?
1a4c3
In base 7, what is 133114 - 2?
133112
In base 5, what is -10 + -20340430?
-20340440
In base 14, what is -6da8 - -2b?
-6d7b
In base 16, what is a - -26b?
275
In base 4, what is -10 + -2300221?
-2300231
In base 16, what is -2 - -1ef3?
1ef1
In base 6, what is -224543 - -4?
-224535
In base 6, what is 222113 + 10?
222123
In base 4, what is 12 - -331020222?
331020300
In base 4, what is -103 - -331203130?
331203021
In base 12, what is -1914b + 0?
-1914b
In base 6, what is 44 + 201?
245
In base 16, what is -23 + 7d6e?
7d4b
In base 14, what is -50 - -237?
1c7
In base 10, what is -67 + -635?
-702
In base 5, what is -2 - -2201210?
2201203
In base 14, what is -4 - -382ca?
382c6
In base 14, what is 14b - 54?
d7
In base 15, what is -5 - -28ba1?
28b9b
In base 9, what is -12 + 4057?
4045
In base 7, what is 1260230 - 3?
1260224
In base 6, what is 531552501 + 5?
531552510
In base 6, what is 22155 - -15?
22214
In base 15, what is -342c9e - -3?
-342c9b
In base 7, what is -24133 - 13?
-24146
In base 4, what is 32300222 + -3?
32300213
In base 14, what is cd + -3a?
93
In base 5, what is -4214041 - -4?
-4214032
In base 12, what is 10386 + -2?
10384
In base 11, what is 6730 - -18?
6748
In base 3, what is 10100 - -2100201?
2111001
In base 14, what is 1 + -1b539?
-1b538
In base 15, what is 249cb - -1?
249cc
In base 10, what is -608 - 987?
-1595
In base 16, what is d7d + e?
d8b
In base 14, what is -7 - 21667?
-21670
In base 9, what is 0 - -63673?
63673
In base 12, what is -16 + 579?
563
In base 11, what is -1 - 100625?
-100626
In base 3, what is -22010200200 + -2?
-22010200202
In base 15, what is 37 - 179?
-142
In base 6, what is 13 + -1305043?
-1305030
In base 3, what is 202 + 1221002000?
1221002202
In base 5, what is -2342040 - 0?
-2342040
In base 16, what is 51 + -92a?
-8d9
In base 9, what is 366 - -887?
1364
In base 10, what is -9 + -216614?
-216623
In base 14, what is 15 - 1757?
-1742
In base 16, what is -4 - -6070?
606c
In base 6, what is 1 - -4515422?
4515423
In base 8, what is 7566 + -231?
7335
In base 10, what is 60964 + -34?
60930
In base 6, what is 124 - 22523?
-22355
In base 10, what is 198 + -2537?
-2339
In base 14, what is -2c953 - 0?
-2c953
In base 16, what is -25a6c - 4?
-25a70
In base 9, what is -2 + 115431?
115428
In base 3, what is 11220110002 - 2?
11220110000
In base 12, what is -2 - -453a1?
4539b
In base 9, what is 30 + -204?
-164
In base 16, what is 13b0 + -1d?
1393
In base 7, what is -104 + -444?
-551
In base 15, what is -213 - -19?
-1e9
In base 7, what is -10 - 56124?
-56134
In base 4, what is -3000 - -102?
-2232
In base 3, what is -2121011011 - 211?
-2121011222
In base 8, what is -223 - 1467?
-1712
In base 8, what is 657466 - 5?
657461
In base 9, what is -426 + 2443?
2016
In base 4, what is -222012313 - -13?
-222012300
In base 5, what is -304442 - 4?
-310001
In base 11, what is 72a6 - -61?
7357
In base 16, what is -9 + 658a?
6581
In base 12, what is 27332 - 0?
27332
In base 6, what is -11240545 + 4?
-11240541
In base 12, what is 255832 - -4?
255836
In base 15, what is -2 + 18d8b?
18d89
In base 8, what is -1023 + 145?
-656
In base 10, what is -4 - 277125?
-277129
In base 16, what is 8 - -3f48?
3f50
In base 16, what is -12c00 - 59?
-12c59
In base 10, what is 85058 + -1?
85057
In base 4, what is -313 + -102032?
-103011
In base 5, what is 21004 - -21?
21030
In base 4, what is -10 + 2133012?
2133002
In base 14, what is -4 - 37a53?
-37a57
In base 13, what is -2 - c34?
-c36
In base 12, what is -3 - -3907?
3904
In base 12, what is b + 74124?
74133
In base 16, what is 717d - 2?
717b
In base 6, what is 35134 - 11225?
23505
In base 10, what is 113 - 27?
86
In base 8, what is 371252 + 0?
371252
In base 7, what is 16 + -54512?
-54463
In base 8, what is -474277 + -2?
-474301
In base 11, what is 2 + 98545?
98547
In base 3, what is 12 - -1101222?
1102011
In base 16, what is 2 + -1f7?
-1f5
In base 11, what is 5 + -702109?
-702104
In base 8, what is 4 + -107200?
-107174
In base 14, what is 5 + 1567?
156c
In base 14, what is b + -1c29?
-1c1c
In base 14, what is -7618 + -29?
-7643
In base 6, what is -233 + -12?
-245
In base 13, what is -12b5 + -b?
-12c3
In base 14, what is 17 + 124dc?
12515
In base 7, what is -26 + -22311?
-22340
In base 13, what is 2 + 3130?
3132
In base 8, what is 57536 - 2?
57534
In base 7, what is 0 - -16605?
16605
In base 11, what is -7867 - -1?
-7866
In base 6, what is -150 - 2145?
-2335
In base 7, what is -350564 + 1?
-350563
In base 2, what is -1110000000000 - 101?
-1110000000101
In base 5, what is 4 + 10104441?
10110000
In base 7, what is -141 + -1426?
-1600
In base 8, what is 57116 - -207?
57325
In base 8, what is 253 - -32?
305
In base 15, what is e983 - -1?
e984
In base 3, what is -22 - 202011?
-202110
In base 10, what is -950 + 2?
-948
In base 6, what is -1052040 - -20?
-1052020
In base 15, what is 114 + 27d6?
28ea
In base 16, what is 173c + -4a?
16f2
In base 4, what is 332 + 1202?
2200
In base 15, what is 2025a + -3?
20257
In base 6, what is 11 + -4